{"id":62,"date":"2023-08-30T13:25:13","date_gmt":"2023-08-30T16:25:13","guid":{"rendered":"https:\/\/iesoc.edu.ar\/cedepec\/?page_id=62"},"modified":"2023-08-30T13:51:57","modified_gmt":"2023-08-30T16:51:57","slug":"mochila","status":"publish","type":"page","link":"https:\/\/iesoc.edu.ar\/cedepec\/mochila\/","title":{"rendered":"Mochila"},"content":{"rendered":"\n<figure class=\"wp-block-table is-style-stripes\"><table class=\"has-cyan-bluish-gray-background-color has-background\"><thead><tr><th>N\u00famero de orden<\/th><th>Contenido de la Mochila<\/th><\/tr><\/thead><tbody><tr><td>1<\/td><td>24 fotos con escenas de la vida escolar en la Escuela Carrasco. Facs\u00edmil.<\/td><\/tr><tr><td>2<\/td><td>16 facs\u00edmiles de cuadernos de clase.<\/td><\/tr><tr><td>3<\/td><td>Paccotti, Amanda. 1992. <em>\u201cOlga Cossettini y la Escuela Serena\u201d<\/em>. En \u201cHistorias de aqu\u00ed a la vuelta\u201d. Ediciones DE AQU\u00cd A LA VUELTA. Fasc\u00edculo N\u00ba 19. Rosario. 21 p\u00e1gs. Fotocopia.<\/td><\/tr><tr><td>4<\/td><td>Escuela Experimental Dr. Gabriel Carrasco. 1949. Bolet\u00edn de Conceptos sobre Amanda Paccotti en tercer grado. Original.<\/td><\/tr><tr><td>5<\/td><td>Escuela Experimental Dr. Gabriel Carrasco. 1949. Bolet\u00edn de Conceptos sobre Alberto Enrique Dottavio en tercer grado. Fotocopia.<\/td><\/tr><tr><td>6<\/td><td>Escuela Experimental Dr. Gabriel Carrasco. 1942. <em>\u201cMisi\u00f3n Infantil de Divulgaci\u00f3n Cultural\u201d<\/em>. 21 de noviembre. 21 p\u00e1gs. Fotocopia en colores.<\/td><\/tr><tr><td>7<\/td><td>Centro Estudiantil Cooperativo de la. 1940. Revista \u201cLa Voz de la Escuela\u201d. Escuela Experimental Dr. \u201cGabriel Carrasco\u201d. A\u00f1o 6. N\u00fam. 13. 13 p\u00e1gs. Fotocopia en colores.<\/td><\/tr><tr><td>8<\/td><td>Cossettini, Olga. 1945. <em>\u201cLa Cooperativa Escolar\u201d<\/em> en \u201cLa Escuela Viva\u201d. Editorial Losada. Buenos Aires. 24 p\u00e1gs. sin numerar. Facs\u00edmil.<\/td><\/tr><tr><td>9<\/td><td>Cossettini, Olga. 1950. Texto del descargo escrito por su cesant\u00eda por Decreto Provincial del 28 de agosto de 1950. Descargo fechado el 21 de setiembre. Fotocopia.<\/td><\/tr><tr><td>10<\/td><td>Cossettini. Olga. 1957. <em>\u201cPedagog\u00eda de la perversidad\u201d<\/em>. Conferencia. Fotocopia.<\/td><\/tr><tr><td>11<\/td><td>Pelanda, Marcela. 1996. <em>Las misiones infantiles de divulgaci\u00f3n cultural.<\/em> Novedades Educativas. Suplemento. Buenos Aires. P\u00e1gs. 20-22. Original.<\/td><\/tr><tr><td>12<\/td><td>Cossettini, Olga. 1935. Escuela serena. Apuntes de una maestra. Talleres Gr\u00e1ficos Argentinos. Buenos Aires. 148 p\u00e1gs. Fotocopia.<\/td><\/tr><tr><td>13<\/td><td>Diario de Clases de Leticia Cossettini&nbsp; periodo 1940\/41 y 1950<\/td><\/tr><tr><td>14<\/td><td>Propuesta de trabajo para ver video \u201cLa Escuela de la Srta Olga\u201d<\/td><\/tr><\/tbody><\/table><\/figure>\n","protected":false},"excerpt":{"rendered":"<p>N\u00famero de orden Contenido de la Mochila 1 24 fotos con escenas de la vida escolar en la Escuela Carrasco. Facs\u00edmil. 2 16 facs\u00edmiles de&hellip;<\/p>\n","protected":false},"author":1,"featured_media":0,"parent":0,"menu_order":0,"comment_status":"closed","ping_status":"closed","template":"","meta":{"footnotes":""},"class_list":["post-62","page","type-page","status-publish","hentry"],"featured_image_src":null,"_links":{"self":[{"href":"https:\/\/iesoc.edu.ar\/cedepec\/wp-json\/wp\/v2\/pages\/62","targetHints":{"allow":["GET"]}}],"collection":[{"href":"https:\/\/iesoc.edu.ar\/cedepec\/wp-json\/wp\/v2\/pages"}],"about":[{"href":"https:\/\/iesoc.edu.ar\/cedepec\/wp-json\/wp\/v2\/types\/page"}],"author":[{"embeddable":true,"href":"https:\/\/iesoc.edu.ar\/cedepec\/wp-json\/wp\/v2\/users\/1"}],"replies":[{"embeddable":true,"href":"https:\/\/iesoc.edu.ar\/cedepec\/wp-json\/wp\/v2\/comments?post=62"}],"version-history":[{"count":2,"href":"https:\/\/iesoc.edu.ar\/cedepec\/wp-json\/wp\/v2\/pages\/62\/revisions"}],"predecessor-version":[{"id":73,"href":"https:\/\/iesoc.edu.ar\/cedepec\/wp-json\/wp\/v2\/pages\/62\/revisions\/73"}],"wp:attachment":[{"href":"https:\/\/iesoc.edu.ar\/cedepec\/wp-json\/wp\/v2\/media?parent=62"}],"curies":[{"name":"wp","href":"https:\/\/api.w.org\/{rel}","templated":true}]}}