{"id":68,"date":"2023-08-30T13:37:31","date_gmt":"2023-08-30T16:37:31","guid":{"rendered":"https:\/\/iesoc.edu.ar\/cedepec\/?page_id=68"},"modified":"2023-09-20T15:15:44","modified_gmt":"2023-09-20T18:15:44","slug":"biblioteca-latinoamericana","status":"publish","type":"page","link":"https:\/\/iesoc.edu.ar\/cedepec\/biblioteca-latinoamericana\/","title":{"rendered":"Biblioteca latinoamericana"},"content":{"rendered":"\n<p>La <strong>Biblioteca Latinoamericana<\/strong> consta de material integrado por donaciones que recibi\u00f3 la <strong>Red&nbsp;Cossettini<\/strong>.<\/p>\n\n\n\n<p> Ingrese a la <strong>Biblioteca Alfonsina Storni<\/strong> para consultar m\u00e1s informaci\u00f3n, solicitar o reservar los diferentes t\u00edtulos.<\/p>\n\n\n\n<div class=\"wp-block-stackable-button-group stk-block-button-group stk-block stk-f2221cd\" data-block-id=\"f2221cd\"><div class=\"stk-row stk-inner-blocks stk-block-content stk-button-group\">\n<div class=\"wp-block-stackable-button stk-block-button stk-block stk-0513a29\" data-block-id=\"0513a29\"><style>.stk-0513a29 .stk-button{background:#666df2 !important;border-radius:6px !important}.stk-0513a29 .stk-button .stk--inner-svg svg:last-child{height:24px !important;width:24px !important}<\/style><a class=\"stk-link stk-button stk--hover-effect-lift-scale\" href=\"http:\/\/alfonsinastorni.duckdns.org\/cgi-bin\/koha\/opac-shelves.pl?op=view&amp;shelfnumber=85\" target=\"_blank\" rel=\"noreferrer noopener\"><span class=\"stk--svg-wrapper\"><div class=\"stk--inner-svg\"><svg aria-hidden=\"true\" focusable=\"false\" data-prefix=\"fas\" data-icon=\"book-reader\" class=\"svg-inline--fa fa-book-reader fa-w-16\" xmlns=\"http:\/\/www.w3.org\/2000\/svg\" viewBox=\"0 0 512 512\" width=\"32\" height=\"32\"><path fill=\"currentColor\" d=\"M160 96a96 96 0 1 1 192 0A96 96 0 1 1 160 96zm80 152V512l-48.4-24.2c-20.9-10.4-43.5-17-66.8-19.3l-96-9.6C12.5 457.2 0 443.5 0 427V224c0-17.7 14.3-32 32-32H62.3c63.6 0 125.6 19.6 177.7 56zm32 264V248c52.1-36.4 114.1-56 177.7-56H480c17.7 0 32 14.3 32 32V427c0 16.4-12.5 30.2-28.8 31.8l-96 9.6c-23.2 2.3-45.9 8.9-66.8 19.3L272 512z\"><\/path><\/svg><\/div><\/span><span class=\"stk-button__inner-text\">Ir a la Lista el CeDEPeC en la Biblioteca Alfonsina Storni<\/span><\/a><\/div>\n<\/div><\/div>\n","protected":false},"excerpt":{"rendered":"<p>La Biblioteca Latinoamericana consta de material integrado por donaciones que recibi\u00f3 la Red&nbsp;Cossettini. Ingrese a la Biblioteca Alfonsina Storni para consultar m\u00e1s informaci\u00f3n, solicitar o&hellip;<\/p>\n","protected":false},"author":1,"featured_media":0,"parent":0,"menu_order":0,"comment_status":"closed","ping_status":"closed","template":"","meta":{"footnotes":""},"class_list":["post-68","page","type-page","status-publish","hentry"],"featured_image_src":null,"_links":{"self":[{"href":"https:\/\/iesoc.edu.ar\/cedepec\/wp-json\/wp\/v2\/pages\/68","targetHints":{"allow":["GET"]}}],"collection":[{"href":"https:\/\/iesoc.edu.ar\/cedepec\/wp-json\/wp\/v2\/pages"}],"about":[{"href":"https:\/\/iesoc.edu.ar\/cedepec\/wp-json\/wp\/v2\/types\/page"}],"author":[{"embeddable":true,"href":"https:\/\/iesoc.edu.ar\/cedepec\/wp-json\/wp\/v2\/users\/1"}],"replies":[{"embeddable":true,"href":"https:\/\/iesoc.edu.ar\/cedepec\/wp-json\/wp\/v2\/comments?post=68"}],"version-history":[{"count":19,"href":"https:\/\/iesoc.edu.ar\/cedepec\/wp-json\/wp\/v2\/pages\/68\/revisions"}],"predecessor-version":[{"id":250,"href":"https:\/\/iesoc.edu.ar\/cedepec\/wp-json\/wp\/v2\/pages\/68\/revisions\/250"}],"wp:attachment":[{"href":"https:\/\/iesoc.edu.ar\/cedepec\/wp-json\/wp\/v2\/media?parent=68"}],"curies":[{"name":"wp","href":"https:\/\/api.w.org\/{rel}","templated":true}]}}