{"id":2,"date":"2017-12-11T22:28:30","date_gmt":"2017-12-12T01:28:30","guid":{"rendered":"http:\/\/iesoc.edu.ar\/practica\/?page_id=2"},"modified":"2024-05-03T14:29:29","modified_gmt":"2024-05-03T17:29:29","slug":"pagina-ejemplo","status":"publish","type":"page","link":"https:\/\/iesoc.edu.ar\/practica\/","title":{"rendered":"Inicio"},"content":{"rendered":"\n<h1 class=\"wp-block-heading has-text-align-center\">\u00daltimas noticias<\/h1>\n\n\n\n<div class=\"wp-block-ugb-blog-posts ugb-blog-posts ugb-2850725 ugb-blog-posts--v2 ugb-blog-posts--design-basic ugb-blog-posts--columns-3 ugb-main-block\"><style>.ugb-2850725 .ugb-blog-posts__featured-image{border-radius:0px !important}<\/style><div class=\"ugb-inner-block\"><div class=\"ugb-block-content\"><article class=\"ugb-blog-posts__item\"><div class=\"ugb-blog-posts__content\"><figure class=\"ugb-blog-posts__featured-image ugb--shadow-3\"><a href=\"https:\/\/iesoc.edu.ar\/practica\/xxii-jornada-de-reflexion-y-socializacion-del-trayecto-de-la-practica-maria-fernanda-foresi\/\"><img loading=\"lazy\" decoding=\"async\" width=\"843\" height=\"843\" src=\"https:\/\/iesoc.edu.ar\/practica\/wp-content\/uploads\/sites\/4\/2025\/09\/26-1024x1024.jpg\" class=\"attachment-large size-large wp-post-image\" alt=\"\" \/><\/a><\/figure><h3 class=\"ugb-blog-posts__title\"><a href=\"https:\/\/iesoc.edu.ar\/practica\/xxii-jornada-de-reflexion-y-socializacion-del-trayecto-de-la-practica-maria-fernanda-foresi\/\">XXII Jornada de reflexi\u00f3n y socializaci\u00f3n del Trayecto de la Pr\u00e1ctica \u201cMar\u00eda Fernanda Foresi\u201d<\/a><\/h3><aside class=\"entry-meta ugb-blog-posts__meta\"><time datetime=\"2025-09-23T16:42:17-03:00\" class=\"ugb-blog-posts__date\">23 septiembre, 2025<\/time><\/aside><p class=\"ugb-blog-posts__readmore\"><a href=\"https:\/\/iesoc.edu.ar\/practica\/xxii-jornada-de-reflexion-y-socializacion-del-trayecto-de-la-practica-maria-fernanda-foresi\/\">Seguir leyendo<\/a><\/p><\/div><\/article><article class=\"ugb-blog-posts__item\"><div class=\"ugb-blog-posts__content\"><figure class=\"ugb-blog-posts__featured-image ugb--shadow-3\"><a href=\"https:\/\/iesoc.edu.ar\/practica\/xx-jornada-de-reflexion-y-socializacion-del-trayecto-de-la-practica\/\"><img loading=\"lazy\" decoding=\"async\" width=\"640\" height=\"640\" src=\"https:\/\/iesoc.edu.ar\/practica\/wp-content\/uploads\/sites\/4\/2023\/07\/jornada_practica_XX.jpg\" class=\"attachment-large size-large wp-post-image\" alt=\"\" \/><\/a><\/figure><h3 class=\"ugb-blog-posts__title\"><a href=\"https:\/\/iesoc.edu.ar\/practica\/xx-jornada-de-reflexion-y-socializacion-del-trayecto-de-la-practica\/\">XX Jornada de reflexi\u00f3n y socializaci\u00f3n del Trayecto de la Pr\u00e1ctica<\/a><\/h3><aside class=\"entry-meta ugb-blog-posts__meta\"><time datetime=\"2023-07-03T14:22:00-03:00\" class=\"ugb-blog-posts__date\">3 julio, 2023<\/time><\/aside><p class=\"ugb-blog-posts__readmore\"><a href=\"https:\/\/iesoc.edu.ar\/practica\/xx-jornada-de-reflexion-y-socializacion-del-trayecto-de-la-practica\/\">Seguir leyendo<\/a><\/p><\/div><\/article><article class=\"ugb-blog-posts__item\"><div class=\"ugb-blog-posts__content\"><figure class=\"ugb-blog-posts__featured-image ugb--shadow-3\"><a href=\"https:\/\/iesoc.edu.ar\/practica\/fotografias-y-videos-de-la-xix-jornada-de-reflexion-y-socializacion-del-trayecto-de-la-practica\/\"><img loading=\"lazy\" decoding=\"async\" width=\"843\" height=\"550\" src=\"https:\/\/iesoc.edu.ar\/practica\/wp-content\/uploads\/sites\/4\/2022\/10\/VerAlbumJornada-1024x668.jpg\" class=\"attachment-large size-large wp-post-image\" alt=\"\" \/><\/a><\/figure><h3 class=\"ugb-blog-posts__title\"><a href=\"https:\/\/iesoc.edu.ar\/practica\/fotografias-y-videos-de-la-xix-jornada-de-reflexion-y-socializacion-del-trayecto-de-la-practica\/\">Fotograf\u00edas y videos de la XIX Jornada de reflexi\u00f3n y socializaci\u00f3n del Trayecto de la Pr\u00e1ctica<\/a><\/h3><aside class=\"entry-meta ugb-blog-posts__meta\"><time datetime=\"2022-10-04T21:14:35-03:00\" class=\"ugb-blog-posts__date\">4 octubre, 2022<\/time><\/aside><p class=\"ugb-blog-posts__readmore\"><a href=\"https:\/\/iesoc.edu.ar\/practica\/fotografias-y-videos-de-la-xix-jornada-de-reflexion-y-socializacion-del-trayecto-de-la-practica\/\">Seguir leyendo<\/a><\/p><\/div><\/article><\/div><\/div><\/div>\n\n\n\n<div class=\"wp-block-ugb-feature-grid ugb-feature-grid ugb-1646cb5 ugb-feature-grid--v2 ugb-feature-grid--columns-1 ugb-feature-grid--design-basic ugb-main-block\"><div class=\"ugb-inner-block\"><div class=\"ugb-block-content\"><div class=\"ugb-feature-grid__item ugb-feature-grid__item1\"><div class=\"ugb-feature-grid__content\"><h5 class=\"ugb-feature-grid__title\"><strong>Documento Base<\/strong><\/h5><p class=\"ugb-feature-grid__description\">Documento sobre las pr\u00e1cticas de la ense\u00f1anza para el Departamento de Pr\u00e1ctica del IES N\u00ba 28 \u201cOlga Cossettini\u201d.<\/p><div class=\"ugb-button-container\"><a class=\"ugb-button ugb-button--size-normal ugb--hover-effect-lift ugb-button--design-ghost\" href=\"http:\/\/iesoc.edu.ar\/wp-content\/uploads\/2018\/09\/DocumentoBase.pdf\" target=\"_blank\" rel=\"noopener noreferrer\" title=\"\"><span class=\"ugb-button--inner\">Ver documento<\/span><\/a><\/div><\/div><\/div><\/div><\/div><\/div>\n\n\n\n<h2 class=\"wp-block-heading has-text-align-center\">Recursos<\/h2>\n\n\n\n<div class=\"wp-block-ugb-feature-grid ugb-feature-grid ugb-bba4b94 ugb-feature-grid--v2 ugb-feature-grid--columns-3 ugb-feature-grid--design-basic ugb-main-block\"><style>.ugb-bba4b94 .ugb-feature-grid__item{border-radius:12px !important}.ugb-bba4b94 .ugb-button{border-radius:4px !important}.ugb-bba4b94 .ugb-button:before{border-radius:4px !important}<\/style><div class=\"ugb-inner-block\"><div class=\"ugb-block-content\"><div class=\"ugb-feature-grid__item ugb-feature-grid__item1 ugb--shadow-3\"><div class=\"ugb-feature-grid__image\"><img loading=\"lazy\" decoding=\"async\" width=\"300\" height=\"300\" class=\"ugb-img wp-image-618\" src=\"http:\/\/iesoc.edu.ar\/practica\/wp-content\/uploads\/sites\/4\/2019\/06\/icons3-1-300x300.jpg\" alt=\"Programas\" title=\"\" srcset=\"https:\/\/iesoc.edu.ar\/practica\/wp-content\/uploads\/sites\/4\/2019\/06\/icons3-1-300x300.jpg 300w, https:\/\/iesoc.edu.ar\/practica\/wp-content\/uploads\/sites\/4\/2019\/06\/icons3-1-150x150.jpg 150w, https:\/\/iesoc.edu.ar\/practica\/wp-content\/uploads\/sites\/4\/2019\/06\/icons3-1.jpg 591w\" sizes=\"auto, (max-width: 300px) 100vw, 300px\" \/><\/div><div class=\"ugb-feature-grid__content\"><h5 class=\"ugb-feature-grid__title\"><strong>Proyectos de c\u00e1tedra<\/strong><\/h5><p class=\"ugb-feature-grid__description\"> Proyectos de c\u00e1tedra del Trayecto de la Pr\u00e1ctica pertenecientes a los distintos profesorados<\/p><div class=\"ugb-button-container\"><a class=\"ugb-button ugb-button--size-normal ugb--hover-effect-lift\" href=\"#\" rel=\"\" title=\"\"><span class=\"ugb-button--inner\">Ir a la secci\u00f3n<\/span><\/a><\/div><\/div><\/div><div class=\"ugb-feature-grid__item ugb-feature-grid__item2 ugb--shadow-3\"><div class=\"ugb-feature-grid__image\"><img loading=\"lazy\" decoding=\"async\" width=\"300\" height=\"300\" class=\"ugb-img wp-image-617\" src=\"http:\/\/iesoc.edu.ar\/practica\/wp-content\/uploads\/sites\/4\/2019\/06\/icons1-1-300x300.jpg\" alt=\"Formularios y normativa\" title=\"\" srcset=\"https:\/\/iesoc.edu.ar\/practica\/wp-content\/uploads\/sites\/4\/2019\/06\/icons1-1-300x300.jpg 300w, https:\/\/iesoc.edu.ar\/practica\/wp-content\/uploads\/sites\/4\/2019\/06\/icons1-1-150x150.jpg 150w, https:\/\/iesoc.edu.ar\/practica\/wp-content\/uploads\/sites\/4\/2019\/06\/icons1-1.jpg 591w\" sizes=\"auto, (max-width: 300px) 100vw, 300px\" \/><\/div><div class=\"ugb-feature-grid__content\"><h5 class=\"ugb-feature-grid__title\"><strong>Formularios y normativa<\/strong><\/h5><p class=\"ugb-feature-grid__description\">Formularios para tr\u00e1mites y acceso a la normativa<\/p><div class=\"ugb-button-container\"><a class=\"ugb-button ugb-button--size-normal ugb--hover-effect-lift\" href=\"http:\/\/iesoc.edu.ar\/practica\/formularios-y-normativa\/\" rel=\"\" title=\"\"><span class=\"ugb-button--inner\">Ir a la secci\u00f3n<\/span><\/a><\/div><\/div><\/div><div class=\"ugb-feature-grid__item ugb-feature-grid__item3 ugb--shadow-3\"><div class=\"ugb-feature-grid__image\"><img loading=\"lazy\" decoding=\"async\" width=\"300\" height=\"300\" class=\"ugb-img wp-image-619\" src=\"http:\/\/iesoc.edu.ar\/practica\/wp-content\/uploads\/sites\/4\/2019\/06\/icons2-1-300x300.jpg\" alt=\"Bibliograf\u00eda\" title=\"\" srcset=\"https:\/\/iesoc.edu.ar\/practica\/wp-content\/uploads\/sites\/4\/2019\/06\/icons2-1-300x300.jpg 300w, https:\/\/iesoc.edu.ar\/practica\/wp-content\/uploads\/sites\/4\/2019\/06\/icons2-1-150x150.jpg 150w, https:\/\/iesoc.edu.ar\/practica\/wp-content\/uploads\/sites\/4\/2019\/06\/icons2-1.jpg 591w\" sizes=\"auto, (max-width: 300px) 100vw, 300px\" \/><\/div><div class=\"ugb-feature-grid__content\"><h5 class=\"ugb-feature-grid__title\"><strong>Bibliograf\u00eda<\/strong><\/h5><p class=\"ugb-feature-grid__description\">Repositorio bibliogr\u00e1fico de la Jefatura del Trayecto de la Pr\u00e1ctica<\/p><div class=\"ugb-button-container\"><a class=\"ugb-button ugb-button--size-normal ugb--hover-effect-lift\" href=\"http:\/\/iesoc.edu.ar\/practica\/bibliografia\/\" rel=\"\" title=\"\"><span class=\"ugb-button--inner\">Ir a la secci\u00f3n<\/span><\/a><\/div><\/div><\/div><\/div><\/div><\/div>\n\n\n\n<hr class=\"wp-block-separator has-css-opacity is-style-default\"\/>\n\n\n\n<p><\/p>\n","protected":false},"excerpt":{"rendered":"<p>\u00daltimas noticias XXII Jornada de reflexi\u00f3n y socializaci\u00f3n del Trayecto de la Pr\u00e1ctica \u201cMar\u00eda Fernanda Foresi\u201d 23 septiembre, 2025 Seguir leyendo XX Jornada de reflexi\u00f3n&hellip;<\/p>\n","protected":false},"author":1,"featured_media":0,"parent":0,"menu_order":0,"comment_status":"closed","ping_status":"open","template":"","meta":{"footnotes":""},"class_list":["post-2","page","type-page","status-publish","hentry"],"featured_image_urls_v2":{"full":"","thumbnail":"","medium":"","medium_large":"","large":"","1536x1536":"","2048x2048":"","trp-custom-language-flag":""},"post_excerpt_stackable_v2":"<p>\u00daltimas noticias XXII Jornada de reflexi\u00f3n y socializaci\u00f3n del Trayecto de la Pr\u00e1ctica \u201cMar\u00eda Fernanda Foresi\u201d23 septiembre, 2025Seguir leyendoXX Jornada de reflexi\u00f3n y socializaci\u00f3n del Trayecto de la Pr\u00e1ctica3 julio, 2023Seguir leyendoFotograf\u00edas y videos de la XIX Jornada de reflexi\u00f3n y socializaci\u00f3n del Trayecto de la Pr\u00e1ctica4 octubre, 2022Seguir leyendo Documento BaseDocumento sobre las pr\u00e1cticas de la ense\u00f1anza para el Departamento de Pr\u00e1ctica del IES N\u00ba 28 \u201cOlga Cossettini\u201d.Ver documento Recursos Proyectos de c\u00e1tedra Proyectos de c\u00e1tedra del Trayecto de la Pr\u00e1ctica pertenecientes a los distintos profesoradosIr a la secci\u00f3nFormularios y normativaFormularios para tr\u00e1mites y acceso a la normativaIr a&hellip;<\/p>\n","category_list_v2":"","author_info_v2":{"name":"Administrador","url":"https:\/\/iesoc.edu.ar\/practica\/author\/admin\/"},"comments_num_v2":"0 comments","featured_image_src":null,"jetpack_sharing_enabled":true,"_links":{"self":[{"href":"https:\/\/iesoc.edu.ar\/practica\/wp-json\/wp\/v2\/pages\/2","targetHints":{"allow":["GET"]}}],"collection":[{"href":"https:\/\/iesoc.edu.ar\/practica\/wp-json\/wp\/v2\/pages"}],"about":[{"href":"https:\/\/iesoc.edu.ar\/practica\/wp-json\/wp\/v2\/types\/page"}],"author":[{"embeddable":true,"href":"https:\/\/iesoc.edu.ar\/practica\/wp-json\/wp\/v2\/users\/1"}],"replies":[{"embeddable":true,"href":"https:\/\/iesoc.edu.ar\/practica\/wp-json\/wp\/v2\/comments?post=2"}],"version-history":[{"count":98,"href":"https:\/\/iesoc.edu.ar\/practica\/wp-json\/wp\/v2\/pages\/2\/revisions"}],"predecessor-version":[{"id":1022,"href":"https:\/\/iesoc.edu.ar\/practica\/wp-json\/wp\/v2\/pages\/2\/revisions\/1022"}],"wp:attachment":[{"href":"https:\/\/iesoc.edu.ar\/practica\/wp-json\/wp\/v2\/media?parent=2"}],"curies":[{"name":"wp","href":"https:\/\/api.w.org\/{rel}","templated":true}]}}