{"id":1553,"date":"2023-03-27T15:01:51","date_gmt":"2023-03-27T18:01:51","guid":{"rendered":"https:\/\/iesoc.edu.ar\/virtual\/?page_id=1553"},"modified":"2025-05-12T22:53:57","modified_gmt":"2025-05-13T01:53:57","slug":"tramite-en-campus","status":"publish","type":"page","link":"https:\/\/iesoc.edu.ar\/virtual\/tramite-en-campus\/","title":{"rendered":"Solicitar\u00a0tr\u00e1mite\u00a0en\u00a0el\u00a0campus"},"content":{"rendered":"\n<p>Desde el formulario al pie puede solicitar los siguientes tr\u00e1mites:<\/p>\n\n\n\n<h3 class=\"wp-block-heading\">Creaci\u00f3n de usuario en el campus<\/h3>\n\n\n\n<p>Se realiza a docentes, estudiantes y asistentes a cursos de capacitaci\u00f3n. La creaci\u00f3n de usuario en el campus <strong><span style=\"color: #222222;background-color: #e5ffaa\" class=\"stk-highlight\">UNICAMENTE afecta al acceso al campus, no a las aulas<\/span><\/strong>. Este \u00faltimo se debe solicitar a quien corresponda seg\u00fan su rol.<\/p>\n\n\n\n<h3 class=\"wp-block-heading\">Eliminaci\u00f3n de usuario en el campus<\/h3>\n\n\n\n<p>La&nbsp;eliminaci\u00f3n del usuario del&nbsp;campus&nbsp;<strong><span style=\"color: #222222;background-color: #e5ffaa\" class=\"stk-highlight\">IMPLICA&nbsp;tambi\u00e9n&nbsp;la&nbsp;eliminaci\u00f3n en&nbsp;todas&nbsp;las&nbsp;aulas<\/span><\/strong>.<\/p>\n\n\n\n<p>La&nbsp;solicitud&nbsp;es <span style=\"color: #f8f8f8;background-color: #f34957\" class=\"stk-highlight\">IRREVERSIBLE<\/span>.<\/p>\n\n\n\n<p>Para que se proceda con el tr\u00e1mite, los datos registrados en el campus (nombre de usuario y correo electr\u00f3nico), han de coincidir con los consignados en este formulario.<\/p>\n\n\n\n<h3 class=\"wp-block-heading\">Creaci\u00f3n de un aula (solo docentes)<\/h3>\n\n\n\n<p>Se debe seleccionar el <strong><span style=\"color: #222222;background-color: #e5ffaa\" class=\"stk-highlight\">nombre del aula<\/span>.<\/strong><\/p>\n\n\n\n<h3 class=\"wp-block-heading\">Ingreso\/eliminaci\u00f3n (salida) de en un aula<\/h3>\n\n\n\n<p class=\"has-text-align-left\">Se deben solicitar a quien corresponda seg\u00fan su rol.<\/p>\n\n\n\n<p>Los\u00a0<strong>estudiantes\u00a0<\/strong>han de\u00a0realizar\u00a0la\u00a0solicitud\u00a0<strong>a\u00a0los\/las\u00a0JTP\u00a0de\u00a0su\u00a0carrera<\/strong>. En la\u00a0<a href=\"https:\/\/iesoc.edu.ar\/carreras\/\" target=\"_blank\" rel=\"noreferrer noopener\"><strong>secci\u00f3n de la carrera del sitio web<\/strong><\/a>\u00a0principal encontrar\u00e1 la informaci\u00f3n de contacto.<\/p>\n\n\n\n<p class=\"has-text-align-left\">Los <strong><span style=\"color: #222222;background-color: #e5ffaa\" class=\"stk-highlight\">inscriptos a cursos de capacitaci\u00f3n<\/span><\/strong>, deben escribir a <strong><span style=\"color: #222222;background-color: #e5ffaa\" class=\"stk-highlight\">cursos@iesoc.edu.ar<\/span><\/strong>.<\/p>\n\n\n\n<p>Ante cualquier duda en relaci\u00f3n al uso de campus, consulte el manual de de usuario desde el siguiente enlace: <strong><a href=\"https:\/\/manuales.educativa.com\/estable\/open\/aula\/front\/es\/html\/Home.html\" target=\"_blank\" rel=\"noreferrer noopener\">Manual de Usuario del campus Educativa.<\/a><\/strong><\/p>\n\n\n\n<div class=\"wp-block-ugb-accordion ugb-accordion ugb-efc9b24 ugb-accordion--v2 ugb-accordion--design-basic ugb-accordion--single-open ugb-main-block\" aria-expanded=\"false\"><div class=\"ugb-inner-block\"><div class=\"ugb-block-content\"><div class=\"ugb-accordion__item\"><div class=\"ugb-accordion__heading\" role=\"button\" tabindex=\"0\"><h4 class=\"ugb-accordion__title\"><strong>Docentes<\/strong><\/h4><svg xmlns=\"http:\/\/www.w3.org\/2000\/svg\" viewBox=\"0 0 20 20\" class=\"ugb-accordion__arrow\" width=\"20\" height=\"20\"><path d=\"M16.7 3.3L10 10 3.3 3.4 0 6.7l10 10v-.1l10-9.9z\"><\/path><\/svg><\/div><div class=\"ugb-accordion__content\" role=\"region\"><div class=\"ugb-accordion__content-inner\">\n<iframe loading=\"lazy\" src=\"https:\/\/script.google.com\/macros\/s\/AKfycby1PcCvI6vJPRI5E99ge8gTZEJqBGAgsux_m94ddwD2nTlhfMmfPc4IS8BIqH-7BbT8YA\/exec\" marginheight=\"2\" marginwidth=\"2\" width=\"100%\" height=\"900\" frameborder=\"0\">Cargando\u2026<\/iframe>\n<\/div><\/div><\/div><\/div><\/div><\/div>\n\n\n\n<div class=\"wp-block-ugb-accordion ugb-accordion ugb-7594eb1 ugb-accordion--v2 ugb-accordion--design-basic ugb-accordion--single-open ugb-main-block\" aria-expanded=\"false\"><div class=\"ugb-inner-block\"><div class=\"ugb-block-content\"><div class=\"ugb-accordion__item\"><div class=\"ugb-accordion__heading\" role=\"button\" tabindex=\"0\"><h4 class=\"ugb-accordion__title\"><strong>Estudiantes<\/strong><\/h4><svg xmlns=\"http:\/\/www.w3.org\/2000\/svg\" viewBox=\"0 0 20 20\" class=\"ugb-accordion__arrow\" width=\"20\" height=\"20\"><path d=\"M16.7 3.3L10 10 3.3 3.4 0 6.7l10 10v-.1l10-9.9z\"><\/path><\/svg><\/div><div class=\"ugb-accordion__content\" role=\"region\"><div class=\"ugb-accordion__content-inner\">\n<iframe loading=\"lazy\" src=\"https:\/\/script.google.com\/macros\/s\/AKfycbwl6Rlc9NcDkOws4rVZ0yvA1Q8QP-qxQGyOQNJShAZGpY3jqg2r7O0raKpVAG9mKyL9\/exec\" marginheight=\"2\" marginwidth=\"2\" width=\"100%\" height=\"700\" frameborder=\"0\">Cargando\u2026<\/iframe>\n<\/div><\/div><\/div><\/div><\/div><\/div>\n","protected":false},"excerpt":{"rendered":"<p>Desde el formulario al pie puede solicitar los siguientes tr\u00e1mites: Creaci\u00f3n de usuario en el campus Se realiza a docentes, estudiantes y asistentes a cursos&hellip;<\/p>\n","protected":false},"author":1,"featured_media":0,"parent":0,"menu_order":0,"comment_status":"closed","ping_status":"closed","template":"","meta":{"footnotes":""},"class_list":["post-1553","page","type-page","status-publish","hentry"],"featured_image_urls_v2":{"full":"","thumbnail":"","medium":"","medium_large":"","large":"","1536x1536":"","2048x2048":"","trp-custom-language-flag":""},"post_excerpt_stackable_v2":"<p>Desde el formulario al pie puede solicitar los siguientes tr\u00e1mites: Creaci\u00f3n de usuario en el campus Se realiza a docentes, estudiantes y asistentes a cursos de capacitaci\u00f3n. La creaci\u00f3n de usuario en el campus UNICAMENTE afecta al acceso al campus, no a las aulas. Este \u00faltimo se debe solicitar a quien corresponda seg\u00fan su rol. Eliminaci\u00f3n de usuario en el campus La&nbsp;eliminaci\u00f3n del usuario del&nbsp;campus&nbsp;IMPLICA&nbsp;tambi\u00e9n&nbsp;la&nbsp;eliminaci\u00f3n en&nbsp;todas&nbsp;las&nbsp;aulas. La&nbsp;solicitud&nbsp;es IRREVERSIBLE. Para que se proceda con el tr\u00e1mite, los datos registrados en el campus (nombre de usuario y correo electr\u00f3nico), han de coincidir con los consignados en este formulario. Creaci\u00f3n de un aula&hellip;<\/p>\n","category_list_v2":"","author_info_v2":{"name":"Administrador","url":"https:\/\/iesoc.edu.ar\/virtual\/author\/admin\/"},"comments_num_v2":"0 comments","featured_image_src":null,"jetpack_sharing_enabled":true,"_links":{"self":[{"href":"https:\/\/iesoc.edu.ar\/virtual\/wp-json\/wp\/v2\/pages\/1553","targetHints":{"allow":["GET"]}}],"collection":[{"href":"https:\/\/iesoc.edu.ar\/virtual\/wp-json\/wp\/v2\/pages"}],"about":[{"href":"https:\/\/iesoc.edu.ar\/virtual\/wp-json\/wp\/v2\/types\/page"}],"author":[{"embeddable":true,"href":"https:\/\/iesoc.edu.ar\/virtual\/wp-json\/wp\/v2\/users\/1"}],"replies":[{"embeddable":true,"href":"https:\/\/iesoc.edu.ar\/virtual\/wp-json\/wp\/v2\/comments?post=1553"}],"version-history":[{"count":35,"href":"https:\/\/iesoc.edu.ar\/virtual\/wp-json\/wp\/v2\/pages\/1553\/revisions"}],"predecessor-version":[{"id":2623,"href":"https:\/\/iesoc.edu.ar\/virtual\/wp-json\/wp\/v2\/pages\/1553\/revisions\/2623"}],"wp:attachment":[{"href":"https:\/\/iesoc.edu.ar\/virtual\/wp-json\/wp\/v2\/media?parent=1553"}],"curies":[{"name":"wp","href":"https:\/\/api.w.org\/{rel}","templated":true}]}}